.
17
Let p(m) = 38*m + 24. Determine p(3).
138
Let j(l) = -22*l + 36. Give j(4).
-52
Let a(s) = -1899*s**2 - 15192*s - 4. Give a(-8).
-4
Let c(d) = d**3 - 18*d + 107. Calculate c(6).
215
Let w(f) = -2*f**3 + 23*f**2 - 12*f + 6. Calculate w(11).
-5
Let m(l) = -4*l**3 - 4*l**2 + 37*l - 116. What is m(4)?
-288
Let q(t) = -2*t**3 - 106*t**2 - 1258*t + 31. Give q(-35).
-39
Let i(d) = d**3 - 8*d**2 + 5*d - 4. What is i(6)?
-46
Let z(c) = -3*c**3 - 57*c**2 - 185*c - 74. Calculate z(-15).
1
Let f(y) = 7*y**2 + 69*y - 18. What is f(-12)?
162
Let x(y) = 4*y**3 + 6*y**2 + 14*y + 13. Give x(-1).
1
Let a(x) = -9*x + 203. Give a(-5).
248
Let v(r) = r**2 - 51*r - 550. Calculate v(61).
60
Let z(d) = -3*d**3 - 3*d**2 + 30*d + 30. Calculate z(-3).
-6
Let b(l) = 212*l + 1216. Calculate b(-6).
-56
Let g(h) = -224*h + 57. Give g(-1).
281
Let f(v) = v**2 + 134*v - 270. Give f(2).
2
Let t(x) = -233*x - 125. What is t(-1)?
108
Let m(b) = 2*b**2 - 152*b - 16. Determine m(75).
-166
Let g(u) = 2*u**3 - 154*u**2 + 11*u - 493. Calculate g(77).
354
Let v(q) = q**3 + 19*q**2 + 56*q + 19. Give v(-14).
215
Let f(s) = -s**2 + 17*s + 38. Calculate f(17).
38
Let o(g) = 125*g + 17. Determine o(-1).
-108
Let a(o) = o**3 - 185*o**2 + 366*o - 1. Calculate a(183).
-1
Let w(p) = 20*p**2 + 13*p - 29. Determine w(-5).
406
Let v(g) = -2*g**2 + 18*g - 76. Calculate v(6).
-40
Let u(h) = -72*h**2 - 2674*h - 365. Give u(-37).
5
Let t(n) = -n**3 - 54*n**2 + 54*n - 90. Determine t(-55).
-35
Let m(k) = k**3 + 40*k**2 - 43*k - 33. Determine m(-41).
49
Let o(k) = 7*k**2 - 104*k + 36. Calculate o(14).
-48
Let a(t) = t**3 - 13*t + 1. What is a(4)?
13
Let b(a) = -a**3 - 47*a**2 + 24*a + 1176. What is b(-47)?
48
Let m(a) = -a**3 - 38*a**2 + 69*a - 442. Calculate m(-40).
-2
Let x(a) = 193*a**2 - 2895*a + 3. Calculate x(15).
3
Let z(l) = 242*l + 39001. What is z(-161)?
39
Let u(a) = 147*a - 4. What is u(2)?
290
Let q(f) = -36*f + 543. Calculate q(15).
3
Let w(t) = -t**3 - 13*t**2 + 1434*t - 259. What is w(-45)?
11
Let t(s) = 950*s + 20880. What is t(-22)?
-20
Let u(k) = -4*k**2 + 214*k - 2204. Give u(14).
8
Let k(f) = -3*f**2 - 186*f - 23. What is k(-62)?
-23
Let s(k) = -2*k**2 - 92*k + 394. Calculate s(-50).
-6
Let o(l) = 2*l**3 + 8*l**2 - 26*l - 106. Give o(-4).
-2
Let s(r) = -r**2 + 58*r - 318. Determine s(48).
162
Let t(y) = y**3 + 51*y**2 + 649*y - 29. Determine t(-25).
-4
Let d(z) = -13272*z - 26541. Give d(-2).
3
Let f(w) = 2*w**3 - 219*w**2 + 1143*w + 118. Calculate f(104).
14
Let j(g) = -3*g**3 - g**2 - 678*g - 1360. Determine j(-2).
16
Let v(x) = -34*x**2 - 186*x - 73. Determine v(-5).
7
Let s(g) = -7*g**3 - 27*g**2 - g - 11. Calculate s(-4).
9
Let h(f) = -f**2 - 121*f - 717. Determine h(-115).
-27
Let l(w) = 3826*w + 145397. What is l(-38)?
9
Let o(t) = 2*t**3 - 10*t**2 - 13*t + 17. What is o(6)?
11
Let n(s) = s**3 - 45*s**2 - 8*s + 2281. Determine n(44).
-7
Let k(t) = 162*t - 5978. Give k(37).
16
Let w(c) = -1048*c + 4186. Determine w(4).
-6
Let k(j) = -5*j**2 + 5*j + 34. Determine k(-6).
-176
Let o(j) = -53*j + 7. Give o(-2).
113
Let d(a) = -50*a + 2582. Give d(52).
-18
Let f(v) = 2*v**3 - 16*v**2 + v + 58. What is f(8)?
66
Let l(w) = -374*w - 748. What is l(-2)?
0
Let f(p) = -4*p**2 - 71*p + 1. What is f(-18)?
-17
Let g(o) = -2960*o + 2940. Calculate g(1).
-20
Let a(o) = 64*o + 5253. Determine a(-82).
5
Let a(d) = -3*d**2 + 238*d + 582. Give a(82).
-74
Let c(s) = s**2 - 7*s + 200. Determine c(24).
608
Let y(q) = -7*q**3 + 6*q**2 - 11*q + 9. What is y(2)?
-45
Let o(x) = 3*x**2 - 19*x + 19. Determine o(10).
129
Let c(q) = 145*q - 1596. Determine c(11).
-1
Let w(m) = 18*m + 2559. Determine w(-144).
-33
Let d(q) = q**3 + 5*q**2 - 4*q + 139. Determine d(-9).
-149
Let s(r) = -11*r**3 + 224*r**2 + 148*r - 28. Determine s(21).
-7
Let z(u) = -52*u - 6174. What is z(-119)?
14
Let v(b) = -69*b + 718. Calculate v(10).
28
Let x(u) = u**3 + 11*u**2 - 15*u - 34. What is x(-12)?
2
Let i(w) = -w**2 + 167*w + 4. Determine i(0).
4
Let b(m) = -16*m**2 + 15*m + 19. Give b(2).
-15
Let b(q) = -q**3 + 3*q**2 + 5*q + 2. What is b(0)?
2
Let s(c) = -c**2 + 23953*c + 143760. Calculate s(-6).
6
Let u(g) = -6*g**2 + 291*g - 2516. Give u(9).
-383
Let p(l) = 21*l**3 + 4*l**2 + 39*l + 57. Calculate p(-2).
-173
Let d(t) = -5*t**2 + 48*t - 139. Determine d(3).
-40
Let q(w) = -11*w**2 + 71*w - 59. Give q(5).
21
Let u(y) = 8*y**2 - 74*y + 46. Give u(9).
28
Let j(v) = v**3 - 13*v**2 - 299*v + 4. Determine j(-12).
-8
Let y(k) = 4*k**3 - 9*k**2 - 2*k + 15. Give y(2).
7
Let x(q) = 130*q + 421. What is x(-4)?
-99
Let m(w) = -6221*w - 24873. Calculate m(-4).
11
Let o(l) = 2*l**3 - 27*l**2 - 30*l - 12. Determine o(15).
213
Let i(v) = -v**2 - 33*v + 155. Calculate i(4).
7
Let c(t) = t**2 + 9*t - 51. Determine c(-14).
19
Let j(u) = u**3 + 19*u**2 + 48*u - 2. Give j(-3).
-2
Let s(j) = -4*j - 138. What is s(18)?
-210
Let o(j) = -j**2 - 42*j - 209. Determine o(-38).
-57
Let a(d) = -48*d**3 - 3*d**2 - 46*d + 95. Determine a(2).
-393
Let g(n) = -17*n**3 - 2*n**2 + 8*n + 11. Determine g(-1).
18
Let z(j) = j**2 - 17*j. Calculate z(17).
0
Let i(w) = w**3 - 68*w**2 + 263*w - 436. Give i(64).
12
Let v(h) = -29*h - 3435. Calculate v(-118).
-13
Let w(n) = -17*n**2 + 1251*n + 455. What is w(74)?
-63
Let k(y) = 2*y**2 - 176*y - 738. Determine k(92).
-2
Let x(b) = 2*b**3 + 76*b**2 + 85*b + 40. Give x(-37).
-367
Let y(g) = 65*g - 425. What is y(7)?
30
Let u(y) = -8*y**2 - 14*y + 7. Give u(-4).
-65
Let u(l) = -l**2 - 1128*l - 6727. Give u(-6).
5
Let c(m) = -261*m + 790. Calculate c(3).
7
Let y(q) = 3*q**3 + 7*q**2 - 5*q + 76. Give y(6).
946
Let j(a) = -a**3 - 7*a**2 - 17*a + 14. Calculate j(-5).
49
Let r(z) = -118*z - 8253. Calculate r(-70).
7
Let r(q) = -q**2 - 31*q + 560. Determine r(14).
-70
Let l(h) = -3*h**2 - 27*h - 35. Calculate l(-7).
7
Let r(h) = -h**2 + 5*h + 20. Give r(-6).
-46
Let q(i) = 27939*i + 27940. What is q(-1)?
1
Let c(w) = 9*w**3 + 114*w**2 - 43*w - 54. What is c(-13)?
-2
Let o(u) = 9*u - 545. Calculate o(58).
-23
Let r(t) = t**3 - 22*t**2 + 82*t + 59. Give r(17).
8
Let m(g) = 2*g**2 - 20*g + 49. Determine m(6).
1
Let j(p) = -p**2 - 90*p + 793. Give j(8).
9
Let x(l) = -7*l**2 + 364*l - 340. What is x(51)?
17
Let n(p) = p**3 + 14*p**2 - 6*p + 94. What is n(-15)?
-41
Let r(j) = 4*j - 325. Calculate r(-31).
-449
Let y(a) = -5*a**2 + 228*a - 1608. Determine y(8).
-104
Let q(o) = o**2 - 33*o + 233. Give q(15).
-37
Let z(u) = -880*u**3 - 9*u**2 + 7*u + 2. Give z(1).
-880
Let d(h) = h**3 + 8*h**2 + 62*h + 18. Determine d(-5).
-217
Let n(k) = -36*k - 2548. Calculate n(-71).
8
Let h(a) = -a**3 + 31*a**2 - 4*a + 124. Determine h(31).
0
Let x(r) = 16*r**2 - 14*r - 1. What is x(2)?
35
Let h(p) = 3*p**3 + 9*p**2 + 36*p - 8. What is h(-4)?
-200
Let r(f) = 202*f**2 - 3*f + 3. What is r(1)?
202
Let a(u) = -2*u**2 + 100*u - 201. What is a(48)?
-9
Let l(n) = 708*n + 21246. Calculate l(-30).
6
Let o(n) = n**3 + 16*n**2 - 56*n + 26. Calculate o(-19).
7
Let i(s) = 28*s - 1381. Calculate i(59).
271
Let a(t) = -5*t**2 + 81*t - 4. Give a(11).
282
Let a(m) = 235*m + 3988. What is a(-17)?
-7
Let r(k) = 6*k**3 + 7*k**2 - 7*k + 4. What is r(-2)?
-2
Let d(s) = -s**3 - 8*s**2 - 21*s - 80. Give d(-7).
18
Let c(a) = a**3 - 10*a**2 + 21*a - 36. Calculate c(7).
-36
Let k(t) = -t**3 + 25*t**2 - 80*t + 3648. Determine k(27).
30
Let b(l) = -63*l**2 + 55*l - 5. Calculate b(1).
-13
Let u(d) = 108*d**3 - d**2 - 2*d - 2. Calculate u(-1).
-109
Let x(a) = a**3 - 30*a**2 - 30*a - 21. Give x(31).
10
Let f(l) = l**2 - 88*l - 1847. Determine f(-18).
61
Let q(h) = h**2 + 52*h + 443. Give q(-59).
856
Let p(k) = -3194*k + 12771. What is p(4)?
-5
Let t(b) = b**3 - 59*b**2 - 56*b - 186. What is t(60)?
54
Let y(x) = -3*x**2 - x + 606. Calculate y(-15).
-54
Let q(p) = -p**2 - 363*p + 5677. Give q(15).
7
Let j(n) = 68*n**2 - 3260*n - 201. Give j(48).
-9
Let x(d) = -6*d**2 + 52*d - 5. Give x(10).
-85
Let g(u) = 76*u + 176. Determine g(-11).
-660
Let u(b) = -b**2 - 56*b - 545. Give u(-18).
139
Let z(d) = 1567*d - 17244. Determine z(11).
-7
Let t(o) = -2*o**3 + 12*o**2 - o + 8. What is t(9)?
-487
Let r(o) = 14*o**2 - 1623*o - 140. What is r(116)?
-24
Let j(q) = 73*q - 6740. Calculate j(93).
49
Let m(l) = 2*l**3 + 9*l**2 - 50*l - 258. Give m(-5).
-33
Let k(z) = -z**3 + 6*z**2 - 243.